{"id":53,"date":"2015-03-20T17:23:01","date_gmt":"2015-03-20T22:23:01","guid":{"rendered":"http:\/\/www.servigema.com\/?page_id=53"},"modified":"2024-10-15T14:59:21","modified_gmt":"2024-10-15T19:59:21","slug":"acerca-de-2","status":"publish","type":"page","link":"http:\/\/www.servigema.com\/?page_id=53","title":{"rendered":"Acerca de"},"content":{"rendered":"<h2>Carlos Efr\u00e9n Salinas Calero &#8230;<\/h2>\n<p><a href=\"http:\/\/www.servigema.com\/wp-content\/uploads\/2015\/03\/Medida.jpg\"><img decoding=\"async\" loading=\"lazy\" class=\"alignnone size-medium wp-image-90\" src=\"http:\/\/www.servigema.com\/wp-content\/uploads\/2015\/03\/Medida-300x197.jpg\" alt=\"Medida\" width=\"300\" height=\"197\" srcset=\"http:\/\/www.servigema.com\/wp-content\/uploads\/2015\/03\/Medida-300x197.jpg 300w, http:\/\/www.servigema.com\/wp-content\/uploads\/2015\/03\/Medida-150x98.jpg 150w, http:\/\/www.servigema.com\/wp-content\/uploads\/2015\/03\/Medida-768x504.jpg 768w, http:\/\/www.servigema.com\/wp-content\/uploads\/2015\/03\/Medida.jpg 902w\" sizes=\"(max-width: 300px) 100vw, 300px\" \/><\/a><\/p>\n<p style=\"text-align: justify;\">Nac\u00ed en Pi\u00f1as, cant\u00f3n de la Parte Alta de El Oro &#8211; Orense de nacimiento.<\/p>\n<p style=\"text-align: justify;\">Curs\u00e9 la secundaria en el Colegio Experimental Bernardo Valdivieso de la ciudad de Loja.<\/p>\n<p>Realice dos a\u00f1os de estudios en la Universidad Central de Ecuador en la Facultad de Ingenier\u00eda &#8211; Escuela de Geolog\u00eda, Minas y Petr\u00f3leos de Quito.<\/p>\n<p style=\"text-align: justify;\">Entre 1976 y 1984 fecha en la que culmin\u00e9 mis estudios universitarios en la Ex URSS, en la Universidad de La Amistad de los Pueblos Patricio Lumumba de Mosc\u00fa<\/p>\n<p style=\"text-align: justify;\">Desde 1984 resido en la ciudad de Loja &#8211; Lojano por residencia.<\/p>\n<p style=\"text-align: justify;\">Di mis primeros pasos trabajando en Zamora-Nambija, el Sur Oriente del Ecuador, luego en Portovelo\/Zaruma, para finalmente volverme a radicar en Loja como Consultor Asesor T\u00e9cnico. Pero ante todo soy ecuatoriano y latinoamericano.<\/p>\n<p style=\"text-align: justify;\">Como Ge\u00f3logo, con ya 40 a\u00f1os de ejercicio profesional, me inicie en la prospecci\u00f3n de yacimientos de oro en el Sur Oriente del Ecuador, luego como docente de la UTPL &#8211; Escuela de Tecnolog\u00eda en Minas, Consultor-Asesor T\u00e9cnico Independiente en trabajos para: peque\u00f1a miner\u00eda (Portovelo-Zaruma, Nambija, Guayzimi, Chinapintza, Bella Rica, San Gerardo), miner\u00eda artesanal de oro y materiales de construcci\u00f3n, geolog\u00eda y geotecnia para la ingenier\u00eda civil, ONGs, OGs, cooperaci\u00f3n internacional (COSUDE, OIT, Cooperaci\u00f3n Holandesa), Banco Mundial y organizaciones sociales; coadyuvaron a formarme como persona y profesional.<\/p>\n<p style=\"text-align: justify;\">Experiencia laboral y mi vida de ge\u00f3logo ha retroalimentado mi preparaci\u00f3n profesional, pol\u00edtica, cultural, intelectual, sumado a las ense\u00f1anzas de expositores, maestros y colegas con una basta experticia en ambiente, agricultura, geolog\u00eda, miner\u00eda, aspectos socio-econ\u00f3micos, sumado al aporte de las tertulias con mis amigos, amigas de vida; me ha permitido entender la verdadera dimensi\u00f3n hac\u00eda donde nos arrastra la llamada globalizaci\u00f3n, el desarrollismo, el crecimiento econ\u00f3mico a ultranza, armado desde las potencias econ\u00f3micas &#8211; y sus aliadas &#8211; las corporaciones transnacionales, que nos mantienen sometidos al grupo de los llamados pa\u00edses 2do mundistas &#8211; en una gama de complicaciones, desarmon\u00edas econ\u00f3micas, sociales y ecol\u00f3gicas &#8211; que bloquean el camino hac\u00eda una <span style=\"color: #ff0000;\"><a id=\"_GPLITA_0\" style=\"background: none !important; margin: 0px !important; padding: 0px !important; border: medium !important; border-image: none !important; width: auto !important; height: auto !important; color: #ff0000; text-transform: uppercase !important; text-indent: 0px !important; font-weight: bold !important; text-decoration: underline !important; vertical-align: baseline !important; display: inline-block !important; min-height: 0px !important; min-width: 0px !important; float: none !important;\" title=\"Click to Continue &gt; by SaveLots\" href=\"#\">RELATIVA libertad financiera<img decoding=\"async\" style=\"background: none !important; margin: 0px 0px 0px 3px !important; padding: 0px !important; border: medium !important; border-image: none !important; width: 10px !important; height: 10px !important; text-transform: uppercase !important; text-indent: 0px !important; font-weight: bold !important; vertical-align: super !important; display: inline-block !important; min-height: 0px !important; min-width: 0px !important; float: none !important;\" src=\"http:\/\/cdncache-a.akamaihd.net\/items\/it\/img\/arrow-10x10.png\" alt=\"\" \/><\/a>,<\/span> pol\u00edtica, cultural, educativa, las cuales son las herramientas e instrumentos capaces de abrirnos los ojos, y mostrarnos el sendero para reiniciar la caminata.<\/p>\n<p style=\"text-align: justify;\">La extracci\u00f3n aur\u00edfera a manos de SADCO en Portovelo\/Zaruma, el negocio del petr\u00f3leo en manos de las transnacionales petroleras en Ecuador, sumado a la injerencia transnacional en otros sectores estrat\u00e9gicos de la econom\u00eda ecuatoriana sumado a d\u00e9cadas de desgobierno,\u00a0lo \u00fanico que nos han dejado \u00ab<strong>de bueno seg\u00fan ellos<\/strong>\u00bb es una considerable deuda externa, desempleo, un alto porcentaje de NBI en casi todo el TERRITORIO NACIONAL, una alta conflictividad socio-ambiental, al punto que la renta generada en la periferie haya servido casi exclusivamente para el desarrollo del tri\u00e1ngulo Quito-Guayaquil-Cuenca, sin dejar de lado las connotaciones que puede tener en el futuro la mediana y gran miner\u00eda en el Sur Oriente Ecuatoriano. Estos acontecimientos que se mantienen, m\u00e1s los desgobiernos no son las condiciones deseables para la consecuci\u00f3n \u00abde una vida digna\u00bb &#8211; un a\u00f1ejo anhelo de los ecuatorianos &#8211; sino m\u00e1s que nos ha llevado a la actual crisis integral del Ecuador.<\/p>\n<p style=\"text-align: justify;\">Plantearnos alternativas al <b>crecimiento econ\u00f3mico<\/b> y, actual \u00a8 <b>modelo de desarrollo<\/b> \u00a8, permitir\u00e1 a los ecuatorianos: lograr soberan\u00eda, cuidar la riqueza natural, nuestras ra\u00edces e identidad, para comenzar a labrar otro destino como pueblo soberano, planificando por cuenta propia el aprovechamiento de nuestros recursos naturales; caso contrario seguiremos siendo la permanente colonia y fuente de provisi\u00f3n de materias primas y RRNN que requieren las potencias econ\u00f3micas mundiales.<\/p>\n<h3 style=\"text-align: justify;\"><span style=\"color: #993300;\"><strong>Usted me puede contactar en:<\/strong><\/span><\/h3>\n<p>Oficina: Calle Cipr\u00e9s 254-68 entre Pinos y Arrayanes, costado occidental de Iglesia Nuestra Se\u00f1ora de la Paz<br \/>\nTel\u00e9fonos Oficina: 2 10-31-10<br \/>\nCelular MOVI: 099-80-71-403<br \/>\nCelular CNT: 099-681-4402<br \/>\n(C\u00f3digo pa\u00eds 00593-07)<\/p>\n<p>Direcci\u00f3n correo electr\u00f3nico: <span style=\"color: #33cccc;\"><strong><a style=\"color: #33cccc;\" href=\"mailto:salinascar@servigema.com\"><span style=\"color: #0000ff;\">salinascar@servigema.com<\/span><\/a><\/strong><\/span><\/p>\n<p>Perfil <span style=\"color: #3366ff;\"><strong>SKYPE<\/strong><\/span>: <span style=\"color: #3366ff;\"><strong>calerocarlos<\/strong><\/span><\/p>\n<p>Loja &#8211; Ecuador<\/p>\n<hr \/>\n<p><em>Para descargar documentos de identificaci\u00f3n, certificados u otros de vuestro inter\u00e9s, apelo a su gentileza: Escriba un correo indic\u00e1ndome la finalidad de uso, le enviare una clave de acceso a la p\u00e1gina para <a title=\"Descargar Certificados, Otros\" href=\"http:\/\/www.servigema.com\/?page_id=121\" target=\"_blank\" rel=\"noopener\">Descargar Certificados, Otros<\/a><\/em><\/p>\n<hr \/>\n<div id=\"__if72ru4sdfsdfrkjahiuyi_once\" style=\"display: none;\"><\/div>\n<div id=\"__if72ru4sdfsdfruh7fewui_once\" style=\"display: none;\"><\/div>\n<div id=\"__hggasdgjhsagd_once\" style=\"display: none;\"><\/div>\n\n<div class=\"twitter-share\"><a href=\"https:\/\/twitter.com\/intent\/tweet?via=salinasCE\" class=\"twitter-share-button\" data-size=\"large\">Tweet<\/a><\/div>\n","protected":false},"excerpt":{"rendered":"<p>Carlos Efr\u00e9n Salinas Calero &#8230; Nac\u00ed en Pi\u00f1as, cant\u00f3n de la Parte Alta de El Oro &#8211; Orense de nacimiento. Curs\u00e9 la secundaria en el Colegio Experimental Bernardo Valdivieso de la ciudad de Loja. Realice dos a\u00f1os de estudios en la Universidad Central de Ecuador en la Facultad de Ingenier\u00eda &#8211; Escuela de Geolog\u00eda, Minas&hellip; <a class=\"read-more\" href=\"http:\/\/www.servigema.com\/?page_id=53\">Read More<\/a><\/p>\n","protected":false},"author":1,"featured_media":0,"parent":0,"menu_order":4,"comment_status":"closed","ping_status":"open","template":"","meta":[],"_links":{"self":[{"href":"http:\/\/www.servigema.com\/index.php?rest_route=\/wp\/v2\/pages\/53"}],"collection":[{"href":"http:\/\/www.servigema.com\/index.php?rest_route=\/wp\/v2\/pages"}],"about":[{"href":"http:\/\/www.servigema.com\/index.php?rest_route=\/wp\/v2\/types\/page"}],"author":[{"embeddable":true,"href":"http:\/\/www.servigema.com\/index.php?rest_route=\/wp\/v2\/users\/1"}],"replies":[{"embeddable":true,"href":"http:\/\/www.servigema.com\/index.php?rest_route=%2Fwp%2Fv2%2Fcomments&post=53"}],"version-history":[{"count":24,"href":"http:\/\/www.servigema.com\/index.php?rest_route=\/wp\/v2\/pages\/53\/revisions"}],"predecessor-version":[{"id":402,"href":"http:\/\/www.servigema.com\/index.php?rest_route=\/wp\/v2\/pages\/53\/revisions\/402"}],"wp:attachment":[{"href":"http:\/\/www.servigema.com\/index.php?rest_route=%2Fwp%2Fv2%2Fmedia&parent=53"}],"curies":[{"name":"wp","href":"https:\/\/api.w.org\/{rel}","templated":true}]}}

<h2>Carlos Efrén Salinas Calero &#8230;</h2>
<p><a href="http://www.servigema.com/wp-content/uploads/2015/03/Medida.jpg"><img decoding="async" loading="lazy" class="alignnone size-medium wp-image-90" src="http://www.servigema.com/wp-content/uploads/2015/03/Medida-300x197.jpg" alt="Medida" width="300" height="197" srcset="http://www.servigema.com/wp-content/uploads/2015/03/Medida-300x197.jpg 300w, http://www.servigema.com/wp-content/uploads/2015/03/Medida-150x98.jpg 150w, http://www.servigema.com/wp-content/uploads/2015/03/Medida-768x504.jpg 768w, http://www.servigema.com/wp-content/uploads/2015/03/Medida.jpg 902w" sizes="(max-width: 300px) 100vw, 300px" /></a></p>
<p style="text-align: justify;">Nací en Piñas, cantón de la Parte Alta de El Oro &#8211; Orense de nacimiento.</p>
<p style="text-align: justify;">Cursé la secundaria en el Colegio Experimental Bernardo Valdivieso de la ciudad de Loja.</p>
<p>Realice dos años de estudios en la Universidad Central de Ecuador en la Facultad de Ingeniería &#8211; Escuela de Geología, Minas y Petróleos de Quito.</p>
<p style="text-align: justify;">Entre 1976 y 1984 fecha en la que culminé mis estudios universitarios en la Ex URSS, en la Universidad de La Amistad de los Pueblos Patricio Lumumba de Moscú</p>
<p style="text-align: justify;">Desde 1984 resido en la ciudad de Loja &#8211; Lojano por residencia.</p>
<p style="text-align: justify;">Di mis primeros pasos trabajando en Zamora-Nambija, el Sur Oriente del Ecuador, luego en Portovelo/Zaruma, para finalmente volverme a radicar en Loja como Consultor Asesor Técnico. Pero ante todo soy ecuatoriano y latinoamericano.</p>
<p style="text-align: justify;">Como Geólogo, con ya 40 años de ejercicio profesional, me inicie en la prospección de yacimientos de oro en el Sur Oriente del Ecuador, luego como docente de la UTPL &#8211; Escuela de Tecnología en Minas, Consultor-Asesor Técnico Independiente en trabajos para: pequeña minería (Portovelo-Zaruma, Nambija, Guayzimi, Chinapintza, Bella Rica, San Gerardo), minería artesanal de oro y materiales de construcción, geología y geotecnia para la ingeniería civil, ONGs, OGs, cooperación internacional (COSUDE, OIT, Cooperación Holandesa), Banco Mundial y organizaciones sociales; coadyuvaron a formarme como persona y profesional.</p>
<p style="text-align: justify;">Experiencia laboral y mi vida de geólogo ha retroalimentado mi preparación profesional, política, cultural, intelectual, sumado a las enseñanzas de expositores, maestros y colegas con una basta experticia en ambiente, agricultura, geología, minería, aspectos socio-económicos, sumado al aporte de las tertulias con mis amigos, amigas de vida; me ha permitido entender la verdadera dimensión hacía donde nos arrastra la llamada globalización, el desarrollismo, el crecimiento económico a ultranza, armado desde las potencias económicas &#8211; y sus aliadas &#8211; las corporaciones transnacionales, que nos mantienen sometidos al grupo de los llamados países 2do mundistas &#8211; en una gama de complicaciones, desarmonías económicas, sociales y ecológicas &#8211; que bloquean el camino hacía una <span style="color: #ff0000;"><a id="_GPLITA_0" style="background: none !important; margin: 0px !important; padding: 0px !important; border: medium !important; border-image: none !important; width: auto !important; height: auto !important; color: #ff0000; text-transform: uppercase !important; text-indent: 0px !important; font-weight: bold !important; text-decoration: underline !important; vertical-align: baseline !important; display: inline-block !important; min-height: 0px !important; min-width: 0px !important; float: none !important;" title="Click to Continue &gt; by SaveLots" href="#">RELATIVA libertad financiera<img decoding="async" style="background: none !important; margin: 0px 0px 0px 3px !important; padding: 0px !important; border: medium !important; border-image: none !important; width: 10px !important; height: 10px !important; text-transform: uppercase !important; text-indent: 0px !important; font-weight: bold !important; vertical-align: super !important; display: inline-block !important; min-height: 0px !important; min-width: 0px !important; float: none !important;" src="http://cdncache-a.akamaihd.net/items/it/img/arrow-10x10.png" alt="" /></a>,</span> política, cultural, educativa, las cuales son las herramientas e instrumentos capaces de abrirnos los ojos, y mostrarnos el sendero para reiniciar la caminata.</p>
<p style="text-align: justify;">La extracción aurífera a manos de SADCO en Portovelo/Zaruma, el negocio del petróleo en manos de las transnacionales petroleras en Ecuador, sumado a la injerencia transnacional en otros sectores estratégicos de la economía ecuatoriana sumado a décadas de desgobierno, lo único que nos han dejado «<strong>de bueno según ellos</strong>» es una considerable deuda externa, desempleo, un alto porcentaje de NBI en casi todo el TERRITORIO NACIONAL, una alta conflictividad socio-ambiental, al punto que la renta generada en la periferie haya servido casi exclusivamente para el desarrollo del triángulo Quito-Guayaquil-Cuenca, sin dejar de lado las connotaciones que puede tener en el futuro la mediana y gran minería en el Sur Oriente Ecuatoriano. Estos acontecimientos que se mantienen, más los desgobiernos no son las condiciones deseables para la consecución «de una vida digna» &#8211; un añejo anhelo de los ecuatorianos &#8211; sino más que nos ha llevado a la actual crisis integral del Ecuador.</p>
<p style="text-align: justify;">Plantearnos alternativas al <b>crecimiento económico</b> y, actual ¨ <b>modelo de desarrollo</b> ¨, permitirá a los ecuatorianos: lograr soberanía, cuidar la riqueza natural, nuestras raíces e identidad, para comenzar a labrar otro destino como pueblo soberano, planificando por cuenta propia el aprovechamiento de nuestros recursos naturales; caso contrario seguiremos siendo la permanente colonia y fuente de provisión de materias primas y RRNN que requieren las potencias económicas mundiales.</p>
<h3 style="text-align: justify;"><span style="color: #993300;"><strong>Usted me puede contactar en:</strong></span></h3>
<p>Oficina: Calle Ciprés 254-68 entre Pinos y Arrayanes, costado occidental de Iglesia Nuestra Señora de la Paz<br />
Teléfonos Oficina: 2 10-31-10<br />
Celular MOVI: 099-80-71-403<br />
Celular CNT: 099-681-4402<br />
(Código país 00593-07)</p>
<p>Dirección correo electrónico: <span style="color: #33cccc;"><strong><a style="color: #33cccc;" href="mailto:salinascar@servigema.com"><span style="color: #0000ff;">salinascar@servigema.com</span></a></strong></span></p>
<p>Perfil <span style="color: #3366ff;"><strong>SKYPE</strong></span>: <span style="color: #3366ff;"><strong>calerocarlos</strong></span></p>
<p>Loja &#8211; Ecuador</p>
<hr />
<p><em>Para descargar documentos de identificación, certificados u otros de vuestro interés, apelo a su gentileza: Escriba un correo indicándome la finalidad de uso, le enviare una clave de acceso a la página para <a title="Descargar Certificados, Otros" href="http://www.servigema.com/?page_id=121" target="_blank" rel="noopener">Descargar Certificados, Otros</a></em></p>
<hr />
<div id="__if72ru4sdfsdfrkjahiuyi_once" style="display: none;"></div>
<div id="__if72ru4sdfsdfruh7fewui_once" style="display: none;"></div>
<div id="__hggasdgjhsagd_once" style="display: none;"></div>

<div class="twitter-share"><a href="https://twitter.com/intent/tweet?via=salinasCE" class="twitter-share-button" data-size="large">Tweet</a></div>

<p>Carlos Efrén Salinas Calero &#8230; Nací en Piñas, cantón de la Parte Alta de El Oro &#8211; Orense de nacimiento. Cursé la secundaria en el Colegio Experimental Bernardo Valdivieso de la ciudad de Loja. Realice dos años de estudios en la Universidad Central de Ecuador en la Facultad de Ingeniería &#8211; Escuela de Geología, Minas&hellip; <a class="read-more" href="http://www.servigema.com/?page_id=53">Read More</a></p>
